{"id":11,"date":"2014-09-11T14:52:08","date_gmt":"2014-09-11T12:52:08","guid":{"rendered":"http:\/\/oliverko.lima-city.de\/wordpress\/?page_id=11"},"modified":"2014-10-16T11:28:40","modified_gmt":"2014-10-16T09:28:40","slug":"ueber-uns","status":"publish","type":"page","link":"http:\/\/www.tmk-schoenbuehel.at\/wordpress\/?page_id=11","title":{"rendered":"Kapelle"},"content":{"rendered":"<h1>Geschichte<\/h1>\n<p>&nbsp;<\/p>\n<p>Das genaue Gr\u00fcndungsjahr ist nicht feststellbar. Ein vorhandenes handschriftliches Notenmaterial ist datiert mit dem Jahre 1827 und stammt von dem damaligen Kapellmeister.<\/p>\n<p>Anfang 1923 gr\u00fcndete der katholische Burschenverein eine Musikkapelle.<\/p>\n<p><img decoding=\"async\" loading=\"lazy\" width=\"700\" height=\"587\" class=\"aligncenter wp-image-631 size-large\" alt=\"Musikkapelle Sch\u00f6nb\u00fchel 1925_01\" src=\"http:\/\/www.tmk-schoenbuehel.at\/wordpress\/wp-content\/uploads\/2014\/10\/Musikkapelle-Sch\u00f6nb\u00fchel-1925_01-1024x860.jpg\" srcset=\"http:\/\/www.tmk-schoenbuehel.at\/wordpress\/wp-content\/uploads\/2014\/10\/Musikkapelle-Sch\u00f6nb\u00fchel-1925_01-1024x860.jpg 1024w, http:\/\/www.tmk-schoenbuehel.at\/wordpress\/wp-content\/uploads\/2014\/10\/Musikkapelle-Sch\u00f6nb\u00fchel-1925_01-300x252.jpg 300w, http:\/\/www.tmk-schoenbuehel.at\/wordpress\/wp-content\/uploads\/2014\/10\/Musikkapelle-Sch\u00f6nb\u00fchel-1925_01-900x756.jpg 900w, http:\/\/www.tmk-schoenbuehel.at\/wordpress\/wp-content\/uploads\/2014\/10\/Musikkapelle-Sch\u00f6nb\u00fchel-1925_01.jpg 1426w\" sizes=\"(max-width: 700px) 100vw, 700px\" \/><\/p>\n<p>Nach dem 2. Weltkrieg Weiterf\u00fchrung der Musikkapelle<\/p>\n<p>1955 Beitritt zum N\u00d6 Blasmusikverband<\/p>\n<p>Im Jahre 1964 bestand die Kapelle aus 9 aktiven Mitgliedern. Ab diesem Zeitpunkt konnte durch intensive Jugendausbildung und Aufbauarbeit die Anzahl der Musiker auf derzeit 36 aktive Mitglieder ausgebaut und auch die musikalische Qualit\u00e4t der Kapelle entsprechend gesteigert werden. Dazu beigetragen hat nat\u00fcrlich auch die Errichtung des Musikheimes, welches 1990 eingeweiht und 2006\/2007 um Einzelprober\u00e4ume erweitert wurde.<\/p>\n<p>Um auch das \u00e4u\u00dfere Erscheinungsbild der Musikkappelle ins rechte Licht zu r\u00fccken, wurden 1970 die alten Uniformen durch eine Tracht (Wachauer Festtracht) ersetzt und der Verein in Trachtenmusikkapelle Sch\u00f6nb\u00fchel umbenannt. Diese Tracht wurde 2002 komplett erneuert.<\/p>\n<h1>Vereinsleben<\/h1>\n<p>&nbsp;<\/p>\n<p>Die Trachtenmusikkapelle m\u00f6chte als Vertreter der volkst\u00fcmlichen Blasmusik sowohl die Gemeindeb\u00fcrger als auch unsere G\u00e4ste bei den verschiedensten Anl\u00e4ssen musikalisch unterhalten bzw. begleiten.<\/p>\n<p>Ferner ist es uns wichtig, durch unser Wirken das \u00f6ffentliche Leben in unserer Gemeinde zu f\u00f6rdern und aktiv mitzugestalten.<\/p>\n<p>Von unseren Gemeindeb\u00fcrgern und Vertretern wird der Verein wegen der Arbeit f\u00fcr Tradition und Brauchtumspflege sehr gesch\u00e4tzt und auch immer wieder entsprechend aktiv und finanziell unterst\u00fctzt.<\/p>\n<p><span style=\"color: rgb(0, 0, 0);\"><strong><span style=\"text-decoration: underline;\">An dieser Stelle herzlichen Dank daf\u00fcr !<\/span><\/strong><\/span><\/p>\n<p>Unseren&nbsp;Mitgliedern soll der Verein als Ort der Gemeinschaft dienen und einen Ausgleich zum Berufsalltag bieten.<\/p>\n<p>Die Zahl der Ausr\u00fcckungen bel\u00e4uft sich auf ca. drei\u00dfig im Jahr.<\/p>\n<p>J\u00e4hrliche Hauptpunkte sind :<\/p>\n<ul>\n<li>\n<h6><strong>Feier zum 1.Mai<\/strong><\/h6>\n<\/li>\n<li>\n<h6><strong>Tag der Musik<\/strong><\/h6>\n<\/li>\n<li>\n<h6><strong>Fr\u00fchschoppenprogramm, welches sowohl in der Gemeinde als auch&nbsp;bei Veranstaltungen befreundeter Vereine dargeboten wird.<\/strong><\/h6>\n<\/li>\n<li>\n<h6><strong>D\u00e4mmerschoppen, welcher immer am 14. August abgehalten wird.<\/strong><\/h6>\n<\/li>\n<li>\n<h6><strong>Neujahrblasen<\/strong><\/h6>\n<\/li>\n<\/ul>\n<p>Jedes zweite Jahr wird auch ein Weisenblasen veranstaltet, wobei wir von verschiedenen Musikgruppen&nbsp;der Nachbarkapellen Unterst\u00fctzung erhalten.<\/p>\n<p>Zahlreiche kirchliche und private Auftritte bzw. interne Zusammenk\u00fcnfte runden das Vereinsleben ab.<\/p>\n<p>Um unsere Qualit\u00e4t zu verbessern, tritt die Trachtenmusikkapelle in regelm\u00e4\u00dfigen Abst\u00e4nden zu Marschmusik- und Konzertbewertungen an.<\/p>\n<p>Es werden j\u00e4hrlich ca. 45 Proben abgehalten.<\/p>\n<h1>Jugendarbeit<\/h1>\n<p>&nbsp;<\/p>\n<p>Der Verein ist intensiv um die Rekrutierung und Ausbildung des Nachwuchses bem\u00fcht. Deshalb erfolgte im Jahr 2000 die Gr\u00fcndung und der Beitritt zum Musikschulverband Dunkelsteinerwald. Um die Nachkommenden zu unterst\u00fctzen, zu motivieren und Jugendliche f\u00fcr die Erlernung eines Blasmusikinstrumentes zu begeistern, wurde 2008 eine Jungbl\u00e4sergruppe gegr\u00fcndet. Es wird auch&nbsp;darauf Wert&nbsp;gelegt, dass die Jungmusiker das bronzene und silberne Leistungsabzeichen erwerben.<\/p>\n<p>Trotz dieser Aktionen ist es&nbsp;leider&nbsp;schwierig,&nbsp;genug Jugendliche f\u00fcr die Blasmusik zu gewinnen.<\/p>\n<p>Alle Musikinteressierten egal ob jung oder alt, sind herzlich eingeladen ein Instrument zu erlernen und unserem Verein beizutreten.<\/p>\n<p>Die Trachtenmusikkapelle steht gerne unterst\u00fctzend z.B. mit Leihinstrumenten, zur Verf\u00fcgung.<\/p>\n<p>&nbsp;<\/p>\n","protected":false},"excerpt":{"rendered":"<p>Geschichte &nbsp; Das genaue Gr\u00fcndungsjahr ist nicht feststellbar. Ein vorhandenes handschriftliches Notenmaterial ist datiert mit dem Jahre 1827 und stammt von dem damaligen Kapellmeister. Anfang 1923 gr\u00fcndete der katholische Burschenverein eine Musikkapelle. Nach dem 2. Weltkrieg Weiterf\u00fchrung der Musikkapelle 1955 Beitritt zum N\u00d6 Blasmusikverband Im Jahre 1964 bestand die Kapelle aus 9 aktiven Mitgliedern. Ab&hellip;<\/p>\n","protected":false},"author":1,"featured_media":0,"parent":0,"menu_order":20,"comment_status":"closed","ping_status":"closed","template":"page-templates\/template-full-width.php","meta":{"ngg_post_thumbnail":0,"_themeisle_gutenberg_block_has_review":false},"_links":{"self":[{"href":"http:\/\/www.tmk-schoenbuehel.at\/wordpress\/index.php?rest_route=\/wp\/v2\/pages\/11"}],"collection":[{"href":"http:\/\/www.tmk-schoenbuehel.at\/wordpress\/index.php?rest_route=\/wp\/v2\/pages"}],"about":[{"href":"http:\/\/www.tmk-schoenbuehel.at\/wordpress\/index.php?rest_route=\/wp\/v2\/types\/page"}],"author":[{"embeddable":true,"href":"http:\/\/www.tmk-schoenbuehel.at\/wordpress\/index.php?rest_route=\/wp\/v2\/users\/1"}],"replies":[{"embeddable":true,"href":"http:\/\/www.tmk-schoenbuehel.at\/wordpress\/index.php?rest_route=%2Fwp%2Fv2%2Fcomments&post=11"}],"version-history":[{"count":0,"href":"http:\/\/www.tmk-schoenbuehel.at\/wordpress\/index.php?rest_route=\/wp\/v2\/pages\/11\/revisions"}],"wp:attachment":[{"href":"http:\/\/www.tmk-schoenbuehel.at\/wordpress\/index.php?rest_route=%2Fwp%2Fv2%2Fmedia&parent=11"}],"curies":[{"name":"wp","href":"https:\/\/api.w.org\/{rel}","templated":true}]}}