{"id":13,"date":"2014-09-11T14:55:06","date_gmt":"2014-09-11T12:55:06","guid":{"rendered":"http:\/\/oliverko.lima-city.de\/wordpress\/?page_id=13"},"modified":"2022-07-31T18:21:50","modified_gmt":"2022-07-31T16:21:50","slug":"vorstand-mitglieder","status":"publish","type":"page","link":"http:\/\/www.tmk-schoenbuehel.at\/wordpress\/?page_id=13","title":{"rendered":"Vorstand &#038; Mitglieder"},"content":{"rendered":"<h1>Vorstand:<\/h1>\n<p><strong>Obmann:<\/strong> Franz Schuster<br \/>\n<strong>1.Obmann Stv.:<\/strong> Andreas Koitz<br \/>\n<strong>2.Obmann Stv.: <\/strong>Hannes Koitz &nbsp;&nbsp;&nbsp;&nbsp;&nbsp;&nbsp;&nbsp;&nbsp;&nbsp;&nbsp;&nbsp;&nbsp;&nbsp;&nbsp;&nbsp;&nbsp;&nbsp;&nbsp;&nbsp;&nbsp;&nbsp;&nbsp;&nbsp;&nbsp;&nbsp;&nbsp;&nbsp;<strong>&nbsp; <\/strong><br \/>\n<strong>Kapellmeister:<\/strong> Christian Amst\u00e4tter &nbsp;&nbsp;&nbsp;&nbsp;&nbsp;&nbsp;&nbsp;&nbsp;&nbsp;&nbsp;&nbsp;&nbsp;&nbsp;&nbsp;&nbsp;&nbsp;&nbsp;&nbsp;&nbsp;&nbsp;&nbsp;&nbsp;&nbsp;&nbsp;&nbsp;&nbsp;&nbsp;&nbsp;&nbsp;&nbsp;&nbsp; <strong>&nbsp; <\/strong><br \/>\n<strong>1.Kapellmeister Stv.:<\/strong> Mario Amst\u00e4tter<b><br \/>\n<strong>2.Kapellmeister Stv.: <\/strong><\/b>Gerhard Bugl<b><br \/>\n<strong>Kassier:<\/strong><\/b>Manfred Appenauer<b><br \/>\n<strong>Kassier Stv.: <\/strong><\/b>Hannes Koitz<b><br \/>\n<strong>Archivar: <\/strong><\/b>Florian Plasch<b><br \/>\n<strong>Schriftf\u00fchrer: <\/strong><\/b>Konrad Wiesbauer<b><br \/>\n<strong>Schriftf\u00fchrer Stv: <\/strong><\/b>Christina Schuster<b><br \/>\n<strong>Jugendreferent: <\/strong><\/b>Christina Schuster<\/p>\n<h1>Mitglieder:<\/h1>\n<p><strong>AIGNER Jakob <\/strong><em>Bariton<\/em><br \/>\n<strong>AMST\u00c4TTER Alexander<\/strong> <em>Schlagwerk<\/em><br \/>\n<strong>AMST\u00c4TTER Christian<\/strong> <em>Posaune, Tenorhorn, Tuba<\/em><br \/>\n<strong>AMST\u00c4TTER G\u00fcnter<\/strong><em> Klarinette, Bassklarinette, Tenorsaxophon<\/em><br \/>\n<strong>AMST\u00c4TTER Herbert<\/strong><em> Tenorhorn&nbsp;&nbsp;<\/em>&nbsp;&nbsp;&nbsp;&nbsp;&nbsp;&nbsp;&nbsp;&nbsp;&nbsp;&nbsp;&nbsp;&nbsp;&nbsp;&nbsp;&nbsp;&nbsp;&nbsp;&nbsp;&nbsp;&nbsp;&nbsp;&nbsp;&nbsp;&nbsp;&nbsp;&nbsp;&nbsp;&nbsp;&nbsp;&nbsp;&nbsp;&nbsp;&nbsp;&nbsp;&nbsp;&nbsp;&nbsp;&nbsp;&nbsp;&nbsp;&nbsp;<strong>&nbsp; <\/strong><br \/>\n<strong>AMST\u00c4TTER Lisa<\/strong> <em>Fl\u00f6te<\/em><br \/>\n<strong>AMST\u00c4TTER-Z\u00d6CHBAUER Mario<\/strong><em> Tuba<\/em>&nbsp; &nbsp; &nbsp; &nbsp; &nbsp; &nbsp; &nbsp; &nbsp; &nbsp; &nbsp; &nbsp; &nbsp; &nbsp; &nbsp; &nbsp; &nbsp; &nbsp; &nbsp; &nbsp; &nbsp; &nbsp; &nbsp; &nbsp; &nbsp; &nbsp;&nbsp; <strong>&nbsp; <\/strong><br \/>\n<strong>AMST\u00c4TTER Patrick<\/strong> <em>Tenorhorn &nbsp;<\/em> &nbsp; &nbsp; &nbsp; &nbsp; &nbsp; &nbsp; &nbsp; &nbsp; &nbsp; &nbsp; &nbsp; &nbsp; &nbsp; &nbsp; &nbsp; &nbsp; &nbsp; &nbsp; &nbsp; &nbsp; &nbsp;<strong>&nbsp; <\/strong><br \/>\n<strong>AMST\u00c4TTER Ren\u00e9<\/strong> <em>Schlagwerk<\/em><br \/>\n<strong>APPENAUER Manfred<\/strong> <em>Klarinette &nbsp;<\/em><br \/>\n<strong>BUGL Gerhard<\/strong> <em>Tenorhorn &nbsp; &nbsp; &nbsp; &nbsp;<\/em><br \/>\n<strong>BUTTER Dominik<\/strong><em> Tenorhorn &nbsp; &nbsp; &nbsp; &nbsp;<\/em><br \/>\n<strong>BUTTER Gabriele<\/strong><em> Altsaxophon &nbsp;<\/em><br \/>\n<strong>DONABAUER Carlos<\/strong> <em>Trompete&nbsp;&nbsp;<\/em><br \/>\n<strong>DONABAUER Maria <\/strong><em>Horn Es <\/em><br \/>\n<strong>FEIERTAG Julia <\/strong><em>Klarinette<\/em><br \/>\n<strong>GATRINGER Rudolf<\/strong> <em>Schlagwerk<\/em><br \/>\n<strong>GATTINGER G\u00fcnther&nbsp;<\/strong><em>Trompete<\/em> <strong>&nbsp;&nbsp;&nbsp;&nbsp;&nbsp;&nbsp;&nbsp;&nbsp;&nbsp;&nbsp;&nbsp;&nbsp;&nbsp;&nbsp;&nbsp;&nbsp;&nbsp;&nbsp;&nbsp;&nbsp;&nbsp;&nbsp;&nbsp;&nbsp;&nbsp;&nbsp;&nbsp;&nbsp;&nbsp;&nbsp;&nbsp;&nbsp;&nbsp;&nbsp;&nbsp;&nbsp;&nbsp;&nbsp;&nbsp;&nbsp;&nbsp;&nbsp;&nbsp;&nbsp;&nbsp;&nbsp;&nbsp;&nbsp;&nbsp;&nbsp;&nbsp; <\/strong><br \/>\n<strong>HAHN Christina<\/strong> <em>Fl\u00f6te<\/em><br \/>\n<strong>HOLLERER Sebastian <\/strong><em>Tenorhorn<\/em><br \/>\n<strong>JONAS Philipp<\/strong> <em>Fl\u00fcgelhorn<\/em><br \/>\n<strong>KAUFMANN Felix <\/strong><em>Tenorhorn<\/em><br \/>\n<strong>K\u00d6CK Sebastian&nbsp;<\/strong><em>Fl\u00fcgelhorn<\/em><br \/>\n<strong> KOITZ Andreas<\/strong> <em>Klarinette<\/em><br \/>\n<strong>KOITZ Hannes<\/strong> <em>Klarinette<\/em><br \/>\n<strong> LIST Erich<\/strong> <em>Fl\u00fcgelhorn<\/em><br \/>\n<strong>NEUHAUSER Thomas<\/strong><em> Posaune<\/em><br \/>\n<strong>NEUHOLD Johann jun.<\/strong> <em>Posaune<\/em><br \/>\n<strong>NEUHOLD Johann sen.<\/strong> <em>Bariton<\/em><br \/>\n<strong>PLASCH Florian<\/strong> <em>Trompete<\/em><br \/>\n<strong>PLASCH Leo&nbsp;<\/strong><em>Schlagwerk<\/em><br \/>\n<strong>PLASCH-BUGL Bettina <\/strong><em>Querfl\u00f6te<\/em><br \/>\n<strong>SCHUSTER Christina<\/strong><em> Fl\u00f6te, Piccolo<\/em><br \/>\n<strong>SCHUSTER Franz<\/strong><em> Fl\u00fcgelhorn, Trompete<\/em><br \/>\n<strong>SIEDER Michaela<\/strong> <em>Klarinette <\/em><br \/>\n<strong>STIEGLER Petra<\/strong> <em>Klarinette<\/em><br \/>\n<strong> WIESBAUER Franz <\/strong><em>Tuba<\/em><br \/>\n<strong>WIESBAUER Konrad<\/strong><em> Klarinette Es<\/em><br \/>\n<strong>WIMMER Franz <\/strong><em>Horn Es<\/em><br \/>\n<strong>AMST\u00c4TTER Silvia <\/strong><em>Marketenderin<\/em><br \/>\n<strong>APPENAUER Gabi <\/strong><em>Marketenderin<\/em><br \/>\n<strong>APPENAUER Julia <\/strong><em>Marketenderin<\/em><br \/>\n<strong>HINTERSTEINER Ingrid <\/strong><em>Marketenderin<\/em><br \/>\n<strong>KURAN Anna <\/strong><em>Marketenderin<\/em><\/p>\n","protected":false},"excerpt":{"rendered":"<p>Vorstand: Obmann: Franz Schuster 1.Obmann Stv.: Andreas Koitz 2.Obmann Stv.: Hannes Koitz &nbsp;&nbsp;&nbsp;&nbsp;&nbsp;&nbsp;&nbsp;&nbsp;&nbsp;&nbsp;&nbsp;&nbsp;&nbsp;&nbsp;&nbsp;&nbsp;&nbsp;&nbsp;&nbsp;&nbsp;&nbsp;&nbsp;&nbsp;&nbsp;&nbsp;&nbsp;&nbsp;&nbsp; Kapellmeister: Christian Amst\u00e4tter &nbsp;&nbsp;&nbsp;&nbsp;&nbsp;&nbsp;&nbsp;&nbsp;&nbsp;&nbsp;&nbsp;&nbsp;&nbsp;&nbsp;&nbsp;&nbsp;&nbsp;&nbsp;&nbsp;&nbsp;&nbsp;&nbsp;&nbsp;&nbsp;&nbsp;&nbsp;&nbsp;&nbsp;&nbsp;&nbsp;&nbsp; &nbsp; 1.Kapellmeister Stv.: Mario Amst\u00e4tter 2.Kapellmeister Stv.: Gerhard Bugl Kassier:Manfred Appenauer Kassier Stv.: Hannes Koitz Archivar: Florian Plasch Schriftf\u00fchrer: Konrad Wiesbauer Schriftf\u00fchrer Stv: Christina Schuster Jugendreferent: Christina Schuster Mitglieder: AIGNER Jakob Bariton AMST\u00c4TTER Alexander Schlagwerk AMST\u00c4TTER Christian Posaune,&hellip;<\/p>\n","protected":false},"author":1,"featured_media":0,"parent":11,"menu_order":20,"comment_status":"closed","ping_status":"closed","template":"page-templates\/template-full-width.php","meta":{"ngg_post_thumbnail":0,"_themeisle_gutenberg_block_has_review":false},"_links":{"self":[{"href":"http:\/\/www.tmk-schoenbuehel.at\/wordpress\/index.php?rest_route=\/wp\/v2\/pages\/13"}],"collection":[{"href":"http:\/\/www.tmk-schoenbuehel.at\/wordpress\/index.php?rest_route=\/wp\/v2\/pages"}],"about":[{"href":"http:\/\/www.tmk-schoenbuehel.at\/wordpress\/index.php?rest_route=\/wp\/v2\/types\/page"}],"author":[{"embeddable":true,"href":"http:\/\/www.tmk-schoenbuehel.at\/wordpress\/index.php?rest_route=\/wp\/v2\/users\/1"}],"replies":[{"embeddable":true,"href":"http:\/\/www.tmk-schoenbuehel.at\/wordpress\/index.php?rest_route=%2Fwp%2Fv2%2Fcomments&post=13"}],"version-history":[{"count":3,"href":"http:\/\/www.tmk-schoenbuehel.at\/wordpress\/index.php?rest_route=\/wp\/v2\/pages\/13\/revisions"}],"predecessor-version":[{"id":3129,"href":"http:\/\/www.tmk-schoenbuehel.at\/wordpress\/index.php?rest_route=\/wp\/v2\/pages\/13\/revisions\/3129"}],"up":[{"embeddable":true,"href":"http:\/\/www.tmk-schoenbuehel.at\/wordpress\/index.php?rest_route=\/wp\/v2\/pages\/11"}],"wp:attachment":[{"href":"http:\/\/www.tmk-schoenbuehel.at\/wordpress\/index.php?rest_route=%2Fwp%2Fv2%2Fmedia&parent=13"}],"curies":[{"name":"wp","href":"https:\/\/api.w.org\/{rel}","templated":true}]}}